 - 4496. Give t(-192).
112
Let a(h) = h**3 + h**2 + 71*h + 1992. Determine a(-11).
1
Let f(j) = -3805*j - 3938167. Give f(-1035).
8
Let r(s) = -s**3 + 95*s**2 - 86*s - 743. What is r(94)?
9
Let p(l) = 16*l**3 + 120*l**2 + 25*l + 10. Calculate p(-7).
227
Let a(q) = 90151*q - 6851468. Determine a(76).
8
Let v(g) = -30*g**2 + 1683*g + 1527. Calculate v(57).
-12
Let l(k) = -6*k**3 + 235*k**2 - 28*k - 272. Give l(39).
157
Let s(p) = 1334*p**3 + 201436*p**2 + 309*p + 1058. Give s(-151).
1
Let s(d) = -d**3 + 196*d**2 + 41479*d + 898. Determine s(-128).
2
Let f(o) = 61517*o - 676633. What is f(11)?
54
Let s(p) = 660*p + 42457. Determine s(-64).
217
Let a(f) = f**2 + 271*f + 5936. Determine a(-24).
8
Let s(r) = -r**2 - 205*r - 3565. Give s(-23).
621
Let r(h) = 154*h + 14562. What is r(-95)?
-68
Let n(s) = -2*s**2 - 1047*s - 74153. Calculate n(-440).
-673
Let j(w) = -3*w**2 + 3*w - 304. Calculate j(16).
-1024
Let k(n) = -13*n**3 - 30*n**2 + 5*n + 5. Give k(-1).
-17
Let n(j) = -j**3 + 219*j**2 - 1497*j + 93. What is n(7)?
2
Let c(w) = -3*w**3 + 18*w**2 + 76*w - 762. Calculate c(9).
-807
Let t(j) = 3*j**2 + 105609*j - 316841. What is t(3)?
13
Let b(s) = s**2 + 64*s - 5882. Determine b(-112).
-506
Let w(v) = -441*v - 29440. Determine w(-65).
-775
Let b(l) = -1978*l + 209674. Give b(106).
6
Let v(l) = 10*l**3 - 106*l**2 - 33*l - 55. Determine v(10).
-985
Let z(i) = 100162*i + 5308610. Calculate z(-53).
24
Let f(m) = 7219*m + 7292. Give f(-1).
73
Let q(n) = -n**2 - 80*n + 75601. Determine q(-318).
-83
Let q(t) = 1331*t + 186221. Calculate q(-140).
-119
Let i(m) = -213*m**2 + 5953*m + 242. Determine i(28).
-66
Let i(u) = -6*u**3 + 5*u**2 - 22*u + 66. What is i(3)?
-117
Let q(g) = -28*g**2 + 171*g - 871. What is q(5)?
-716
Let r(d) = d**3 + 75*d**2 - 64*d - 865. Give r(-76).
-1777
Let u(r) = r**3 + 342*r**2 + 9365*r + 3719162. Determine u(-346).
8
Let q(f) = -f**3 + 692*f**2 - 3997*f + 2825. Determine q(5).
15
Let k(r) = -3640*r + 196560. Give k(54).
0
Let g(z) = 267605*z - 802841. Give g(3).
-26
Let v(l) = -l**2 - 16201*l + 129677. Calculate v(8).
5
Let n(a) = 20*a**2 + 794*a - 231. What is n(-40)?
9
Let x(z) = 886*z + 300404. Calculate x(-339).
50
Let i(l) = -1761*l - 20268. Calculate i(-11).
-897
Let z(m) = m**2 - 2973*m + 29525. Determine z(10).
-105
Let f(r) = 4*r**3 - 258*r**2 - 9178*r - 179. Give f(90).
1
Let n(l) = 5*l**3 - 5533*l**2 - 38978*l - 15. What is n(-7)?
-1
Let x(c) = c**3 - 40*c**2 - 7175*c - 363. Determine x(-67).
39
Let i(w) = -3*w**2 - 93*w - 1063. Determine i(-28).
-811
Let x(b) = 3632*b - 3940. Give x(1).
-308
Let i(f) = 3*f**2 - 759*f + 2286. Calculate i(3).
36
Let k(g) = -3676*g + 18528. Calculate k(5).
148
Let y(u) = 2050*u - 97004. Determine y(48).
1396
Let b(k) = -1064*k + 123486. Give b(116).
62
Let d(s) = 4060*s**2 - 36513*s - 220. Calculate d(9).
23
Let x(c) = 287637*c - 2876355. Determine x(10).
15
Let f(i) = i**3 + 47*i**2 + 533*i + 72. Determine f(-31).
-1075
Let j(n) = 384*n - 64825. Calculate j(169).
71
Let n(h) = -91*h**2 - 39*h + 40. Calculate n(-1).
-12
Let t(n) = 1530*n + 246339. Determine t(-161).
9
Let d(p) = -p**3 + 1605*p**2 + 8058*p + 7. Determine d(-5).
-33
Let a(m) = -2*m**3 + 59*m**2 + 732*m - 576. What is a(-10)?
4
Let r(l) = -l**2 + 17625*l + 176181. Give r(-10).
-169
Let q(h) = 11*h**3 + 52*h**2 + 2. Calculate q(-3).
173
Let p(i) = -9*i**2 - 522*i - 83. What is p(-58)?
-83
Let y(n) = 14428*n + 389552. Give y(-27).
-4
Let i(s) = -274114*s**2 - 822343*s - 3. Calculate i(-3).
0
Let i(k) = -4378*k**2 - 8645*k + 146. Give i(-2).
-76
Let i(n) = 20*n**2 + 185*n - 1746. Calculate i(9).
1539
Let q(p) = 97655*p - 34. Give q(0).
-34
Let f(j) = -2*j**2 - 2710*j - 887978. Give f(-800).
22
Let a(f) = 2*f**2 + 171436*f - 1028688. Give a(6).
0
Let a(c) = -c**2 + 161*c + 9175. Determine a(-44).
155
Let u(p) = -2*p**3 + 34*p**2 + 41*p - 1137. Calculate u(16).
31
Let f(r) = r**3 + 170*r**2 - 4655*r + 145. Calculate f(-194).
-49
Let w(p) = 8*p**2 - 427*p + 609. What is w(52)?
37
Let k(p) = -p**2 + 7761*p + 46615. Calculate k(-6).
13
Let f(h) = h**2 + 345*h + 4653. What is f(-14)?
19
Let h(l) = -466*l - 68536. Determine h(-148).
432
Let a(v) = 3381*v + 8290. Give a(-3).
-1853
Let k(d) = -4*d**3 - 879*d**2 + 246*d + 5460. Calculate k(-220).
-260
Let c(x) = 1964*x - 25903. Calculate c(13).
-371
Let u(n) = -n**2 - 6061*n + 628597. Calculate u(102).
-29
Let m(i) = 34*i**3 + 2825*i**2 + 330*i + 6680. Give m(-83).
-43
Let f(i) = -i**3 + 120*i**2 - 90*i + 10831. What is f(120)?
31
Let g(n) = -2*n**3 - 490*n**2 + 2921*n - 16. Calculate g(6).
-562
Let d(j) = -j**3 - 127*j**2 - 1059*j + 19. Determine d(-9).
-8
Let x(w) = -167*w - 9547. What is x(-51)?
-1030
Let j(c) = 8*c**2 - 511*c - 1671. Give j(67).
4
Let l(x) = -16850*x - 690848. Calculate l(-41).
2
Let m(s) = -2*s**3 - 31*s**2 + 45*s + 388. Calculate m(-18).
1198
Let i(c) = -2*c**3 - 74*c**2 - 67*c + 174. Calculate i(-36).
-6
Let b(l) = 245*l**3 + 17*l**2 - 23*l - 1. Calculate b(-2).
-1847
Let j(n) = 1235452*n + 6177253. Determine j(-5).
-7
Let c(b) = -2*b**2 + 7709*b + 661956. Determine c(-84).
288
Let s(o) = 298*o + 37222. Determine s(-125).
-28
Let r(i) = 8*i**3 - 769*i**2 + 1592*i - 168. Determine r(94).
-732
Let s(y) = 1183*y + 2341. What is s(-2)?
-25
Let y(o) = -o**3 - 26*o**2 + 13*o + 1464. What is y(-24)?
0
Let z(s) = -334*s - 56033. What is z(-167)?
-255
Let f(n) = 244193*n - 3418705. Give f(14).
-3
Let x(z) = 72*z**2 - 4555*z - 9111. What is x(-2)?
287
Let s(l) = l**3 + 12*l**2 + 150*l + 802. Calculate s(-7).
-3
Let k(b) = -102*b**2 - 2223*b + 491. Calculate k(-22).
29
Let a(c) = 75306*c - 1129594. Determine a(15).
-4
Let n(g) = 159*g**2 - 1756*g + 2929. Give n(9).
4
Let p(n) = -124*n**2 - 206*n + 403. Calculate p(2).
-505
Let q(s) = 750*s + 9609. What is q(-13)?
-141
Let f(z) = -z**3 + 12*z**2 - 599*z + 12723. Determine f(18).
-3
Let p(t) = -248409*t - 12917258. Calculate p(-52).
10
Let w(z) = -95891*z + 1054802. Determine w(11).
1
Let t(j) = 3249*j - 17077. Determine t(5).
-832
Let b(p) = p**3 - 3*p**2 + 1093*p - 3291. Calculate b(3).
-12
Let m(s) = -10*s**2 - 17*s + 97. Calculate m(2).
23
Let q(b) = -44*b**2 + 234*b + 6733. Calculate q(-10).
-7
Let t(a) = 24*a**2 - 1509*a - 1776. Calculate t(63).
-1587
Let p(f) = 87665*f + 3769588. Calculate p(-43).
-7
Let i(l) = 238844*l + 2388319. Give i(-10).
-121
Let u(z) = -9*z**2 - 238*z - 3802. What is u(-20)?
-2642
Let u(f) = -5*f**3 + 391*f**2 - 4808*f + 1247. Determine u(63).
-13
Let s(v) = -18445*v - 2785186. Determine s(-151).
9
Let f(x) = x**2 + 107*x + 1851. What is f(-45)?
-939
Let b(i) = 20310*i + 562. What is b(0)?
562
Let j(p) = -164106*p + 2461648. Give j(15).
58
Let r(d) = -8934*d - 813013. Give r(-91).
-19
Let u(n) = -4*n**3 - 135*n**2 + 24*n - 406. Give u(-34).
-66
Let a(t) = -4*t**3 + 77*t**2 + 179*t - 15. Determine a(-3).
249
Let m(z) = 52*z**3 - 13*z**2 - 87*z - 78. Calculate m(-1).
-56
Let b(k) = 363*k + 267. Determine b(-1).
-96
Let w(x) = 2139*x**3 + 21386*x**2 - 37*x + 24. Determine w(-10).
-6
Let f(x) = 12559*x - 1331250. Calculate f(106).
4
Let h(p) = p**3 - 5*p**2 + 2120*p - 4226. What is h(2)?
2
Let u(w) = w**3 - 4*w**2 - 6252*w + 37426. Calculate u(6).
-14
Let w(s) = -21*s**2 - 240*s - 1695. What is w(-8)?
-1119
Let i(t) = -3*t**3 + 1046*t**2 - 709*t + 4452. Calculate i(348).
-72
Let o(q) = -2*q**2 - 177*q + 11811. Calculate o(44).
151
Let n(z) = -2*z**3 + 1787*z**2 - 10618*z - 93. Calculate n(6).
99
Let s(u) = 40949*u - 81866. Calculate s(2).
32
Let t(n) = n**3 - 80*n**2 + 1022*n + 81. Determine t(16).
49
Let q(l) = -470*l**2 + 799*l - 3. Give q(2).
-285
Let q(p) = 23938*p - 240372. Determine q(10).
-992
Let o(h) = -2*h**2 + 24733*h - 49469. Calculate o(2).
-11
Let b(m) = 204898*m - 409761. What is b(2)?
35
Let g(v) = -v**2 + 1786*v - 78286. Give g(45).
59
Let j(b) = -4*b**3 - 95*b**2 + 21*b - 109. Give j(-24).
-37
Let k(d) = 2*d**3 - 201*d**2 - 529*d + 255. What is k(103)?
-1187
Let a(r) = -2*r**3 + 115*r**2 + 133*r - 4595. Give a(58).
-245
Let s(z) = z**3 - 745*z**2 + 68254*z + 7654. Give s(638).
-2
Let u(d) = 110181*d - 3415637. What is u(31)?
-26
Let i(m) = 3*m**3 - 124*m**2 - 197*m - 720. Give i(43).
54
Let t(l) = -l**2 - 991*l - 120652. Determine t(-142).
-94
Let g(w) = 19*w**3 + 12*w**2 + 79